factor of 55 and m.
5
Let l be (-3)/((-1)/2 + -1). Suppose 2*d + 5*j = -2, 2*j - 28 = -6*d + l*d. Suppose -74 = -m + 7. Calculate the highest common factor of d and m.
9
Suppose l + 2*l = -4*k - 73, 0 = 5*k - l + 115. Let o = 36 + k. Calculate the highest common divisor of o and 7.
7
Let y = 7 - 3. Let s(p) = 4*p - 5. Let m be s(y). What is the highest common divisor of 121 and m?
11
Let d be -1 - 0 - (1 + -20). Let x = -13 - -32. Let i = 64 - x. Calculate the highest common divisor of d and i.
9
Let r be (2/(-4))/(2/(-16)). Let m = 23 - 22. What is the highest common divisor of m and r?
1
Suppose -197 = -4*n + 11. Suppose 3*s = -2*s + 130. Suppose -s = -5*o + 3*o. What is the highest common divisor of n and o?
13
Let g(p) = p + 2. Let j be g(7). Suppose 3*f + 0 = j. Suppose r + 512 = 4*l - 62, -5*l - f*r = -726. What is the greatest common factor of l and 18?
18
Suppose 52*x + 990 = 55*x. Calculate the highest common factor of 15 and x.
15
Let h be -4*(5/4)/1. Let k = 53 + h. What is the greatest common factor of 32 and k?
16
Let l(p) = -2*p + 1. Let c be l(-1). Suppose 0 = -c*z + 34 + 38. Suppose -3*h = 76 - 184. What is the greatest common divisor of z and h?
12
Let i(s) = 39*s - 5. Let t be i(3). What is the highest common divisor of t and 16?
16
Suppose 6 = 2*d - 6. Suppose 0 = -21*b + 20*b - 42. Let p be (3/2)/(b/(-112)). What is the greatest common factor of p and d?
2
Suppose -5*x = -5*a + 160, -a - 3*x + 54 = a. Calculate the highest common factor of 60 and a.
30
Suppose 16 = 2*t - 8. Calculate the greatest common factor of t and 4.
4
Let c be 5 + 0 + -1 + -1. Suppose -c*l + 2 = -l. Calculate the highest common divisor of l and 2.
1
Suppose -n = -3 + 1. Suppose 3*c = n*c - 152. Let u be ((-12)/(-8))/((-6)/c). Calculate the greatest common factor of u and 19.
19
Let h(q) = q**3 + 6*q**2 + 2*q + 4. Let t = 3 - 7. Let n be h(t). What is the greatest common factor of 70 and n?
14
Suppose -5*q - 62 + 112 = 0. Calculate the highest common factor of 90 and q.
10
Suppose i + 12 = 5*w, 5*w + 4*i = -i. Suppose 2*p - 101 = 6*p - 5*g, 66 = -4*p - 2*g. Let k = -9 - p. What is the greatest common factor of w and k?
2
Suppose -n + 0*n + 5 = 0. Let v(l) = 6 + l + 0*l + 3. Let q be v(-4). Calculate the highest common factor of n and q.
5
Let u be (4 + -7)/3 - -10. Let v(l) = l**2 + 3*l - 5. Let m be v(-5). Let f = u - m. Calculate the highest common divisor of f and 12.
4
Let t be ((-301)/(-147) - 2/(-7))*9. Calculate the greatest common divisor of 3 and t.
3
Let l = -2 - -4. Let a = 4 - l. Suppose a*b - 2*z = 120, -2*z - 11 + 1 = 0. Calculate the highest common factor of b and 11.
11
Let w(o) = o**3 + 6*o**2 + 4*o - 3. Let b be w(-5). Suppose -5*f - 4*z + 48 = -88, 2*f - b*z = 58. What is the highest common factor of f and 42?
14
Let l(i) = 2*i**3 - 4*i**2 - 6. Let h be l(5). Calculate the highest common factor of 18 and h.
18
Let y(c) = c**3 + c**2 + 2*c + 3. Suppose 8 = -2*q + 4. Let a be (5 + -3)/(q/(-4)). Let l be y(a). Calculate the greatest common factor of 13 and l.
13
Suppose 123 + 101 = 7*r. Calculate the highest common factor of 256 and r.
32
Suppose 0 = -5*g - 15, -4*y + 2*y = -5*g - 39. Calculate the greatest common factor of y and 132.
12
Let n = -9 - -12. Suppose n*i - 10 - 95 = 0. What is the greatest common divisor of i and 7?
7
Let p(z) be the third derivative of 29*z**6/120 - z**5/30 + z**4/12 - z**3/6 + 7*z**2. Let o be p(1). Calculate the highest common divisor of 70 and o.
14
Let l be (-9 - 0)*(-20)/10. Let x be 9*2*3/l. Calculate the greatest common divisor of x and 33.
3
Let a(i) = i**3 + i**2 - i - 1. Let w(f) = -9*f**3 - 3*f**2 + 6*f + 5. Let b(k) = 5*a(k) + w(k). Let l be b(-1). What is the highest common factor of l and 5?
5
Let f = -392 - -607. What is the highest common factor of f and 86?
43
Let v(t) = -t**3 + 4*t**2 + t - 2. Let x be v(4). What is the highest common divisor of x and 2?
2
Let l = 64 - 38. Let n(u) = 4 - 2 + 1 + 9*u. Let z be n(4). What is the highest common factor of l and z?
13
Let p be 0*(-4)/(-5 + 1). Suppose p = -4*o + o + 33. Calculate the greatest common factor of o and 33.
11
Suppose -j - 4 = p, 3*p = -j - 0*j - 2. Calculate the highest common divisor of 10 and p.
1
Let v be ((-108)/(-8))/(1/10). What is the highest common factor of 15 and v?
15
Let a be (-1)/(15/(-135)*1/22). Calculate the greatest common factor of 18 and a.
18
Let r = -269 - -413. Suppose -7*s + r = -3*s. Suppose 0 = t + 2*f - 0*f - s, -4*f + 40 = t. What is the greatest common factor of t and 4?
4
Suppose 233 - 53 = 12*u. Calculate the greatest common factor of u and 315.
15
Let o = 43 + -31. Let c(w) = -w**2 + 9*w + 12. Let t be (-9)/(-5)*(-1 - -6). Let g be c(t). Calculate the greatest common factor of g and o.
12
Suppose 12 = i - 2. Let n = -230 - -487. Suppose -2*o + n - 13 = -4*l, -4*l - 356 = -3*o. Calculate the greatest common factor of o and i.
14
Let w = 246 + -59. What is the highest common factor of w and 17?
17
Suppose 0 = -11*w + 7*w + 144. What is the highest common factor of 90 and w?
18
Let g = -74 - -90. Calculate the highest common factor of 24 and g.
8
Let u(a) = a**3 + 6*a**2 + 7*a + 5. Let k be u(-4). Suppose d - 6 = -d. Let n = 9 - d. What is the greatest common divisor of n and k?
3
Suppose s = -s. Suppose -2*w + 61 + 35 = s. Calculate the highest common factor of w and 6.
6
Let m = 99 + -75. Calculate the greatest common factor of 18 and m.
6
Let v be (-152)/(-2)*(-6)/(-8). Calculate the greatest common divisor of 19 and v.
19
Let c(i) = -2*i**2 + 5*i + 14. Let m be c(10). Let h = -64 - m. What is the highest common divisor of 9 and h?
9
Let t = -140 + 195. Let h(i) = -i**2 + 6*i - 3. Let y be h(5). Suppose 0*o - 4*a = -y*o + 26, 2*a = -2. What is the highest common divisor of t and o?
11
Let c = -12 - -15. Calculate the greatest common factor of c and 9.
3
Let h = -1 - -2. Suppose -27 + h = -2*l. Let c be (39/(-9))/((-2)/24). What is the greatest common divisor of l and c?
13
Let l be 74/2 + (-1 - -1). Calculate the highest common factor of l and 37.
37
Let m(n) = n**3 + 7*n**2 - 2*n - 9. Let c be m(-7). Calculate the greatest common divisor of 55 and c.
5
Let t be (2 - (1 - 11/(-2)))*-2. What is the greatest common factor of 1 and t?
1
Suppose -6*g + 695 = -g. Let i = -40 + g. Calculate the highest common factor of 9 and i.
9
Let p be (-12)/(-9)*(198/4)/3. Calculate the highest common divisor of 44 and p.
22
Let t = 7 - 9. Let i be -2*t/(4/7). Suppose -b - b + 2 = 0. Calculate the greatest common divisor of b and i.
1
Suppose -5*m - 4*x + 112 = 0, 0 = m - 2*x - 3 - 25. Suppose -5*l - 2*a = -26, -a = -4*l + 2*a + 30. Calculate the highest common divisor of m and l.
6
Let l(u) = -u + 3. Let b be l(3). Suppose 110 = 2*d - b*d. Let j be 90/4 - 1/2. What is the greatest common divisor of d and j?
11
Let m = 5 - 1. Let b = 69 - m. Calculate the highest common factor of b and 13.
13
Suppose 6*r - r + 4*i - 138 = 0, -r - 2*i = -24. Calculate the highest common divisor of r and 6.
6
Suppose a - 6 = 14. Calculate the highest common factor of 180 and a.
20
Let a(o) = o**3 + 14*o**2 + 6*o - 10. Let r be a(-13). Let k be (-62)/(-7) - 11/(-77). Calculate the greatest common factor of r and k.
9
Suppose -3*b = 2*b - u - 2, 2*b + 8 = -4*u. Suppose -28 = -q - b. Calculate the greatest common factor of 70 and q.
14
Let w be 1/3 + 438/9. Let f(t) = t**2 + 6. Let d be f(0). Suppose -y + d = -1. What is the greatest common factor of w and y?
7
Let l(t) = -t + 3. Let q be l(-8). Let j = q + 0. Calculate the greatest common divisor of 77 and j.
11
Suppose 0 = 3*f + k + 4*k - 62, 2*k = f - 17. What is the greatest common divisor of f and 95?
19
Let j be (-4)/((4/(-3))/2). Let z = 96 - 12. Suppose -3*m + 60 = -z. Calculate the highest common divisor of j and m.
6
Suppose -2*f + 5*h - 25 = 0, 3*h - 3 = 2*f + 12. Suppose f = -u - 5 + 2. Let n be u/12 + (-39)/(-12). What is the greatest common divisor of n and 12?
3
Let h(b) = b**3 - 10*b**2 + 3*b - 23. Let f be h(10). Calculate the greatest common factor of 133 and f.
7
Let v(k) = 3*k - 2. Let f be v(3). Suppose -2*p = -f*p + 1990. Suppose p = 5*n + i + 67, 3*n = 2*i + 196. Calculate the highest common divisor of n and 6.
6
Let d(p) = p**3 - 26*p**2 + 46*p + 54. Let n be d(